+ 152 + 240 = 0, 5*p - 152 = -c. What is the highest common factor of 12 and c?
12
Suppose -3*l = -5*l + 48. Let i be 2*9/l*60. Calculate the greatest common factor of 9 and i.
9
Suppose -13*x + 8*x = -205. Suppose -3*n = -5*v - x - 47, -3*v = 5*n - 192. Let c = 18 + -6. Calculate the greatest common factor of n and c.
12
Suppose -37 = -3*z + 4*u - 5, -u = -1. Let o(i) = -i**3 + 6*i**2 + 2*i + 4. Let j be o(6). Let m = -10 + j. What is the greatest common divisor of z and m?
6
Suppose 7*r = r + 270. Calculate the greatest common factor of r and 18.
9
Suppose 0 = -3*c + 15, -5*l + 2*c = -0*l + 16915. Let p be l/(-35) - 3/5. What is the highest common factor of p and 12?
12
Let k be (-91)/(-3) - 7/21. Suppose -2*o = -10, 4*p + 4*o + 18 = 2. Let t = p + 29. Calculate the greatest common divisor of t and k.
10
Let a be ((-2)/6)/((-3)/99). Let u = 29 - 7. What is the greatest common divisor of u and a?
11
Let g be -1*(4/2 - 5). Let k = g - -2. Let j be ((-168)/k)/(5/(-25)). Calculate the greatest common divisor of j and 21.
21
Let a = -219 - -307. What is the greatest common factor of a and 16?
8
Let j = -25 + 52. What is the greatest common divisor of 18 and j?
9
Let d be (-8)/36 - (-182)/9. What is the greatest common divisor of 80 and d?
20
Let x = -6 + 11. Suppose 2 = f, -x*o = -7*f + 2*f - 450. Calculate the highest common divisor of o and 23.
23
Let q(j) = -j**2 - j - 1. Suppose -4*s - 5 + 1 = 0. Let v be q(s). Let n = v - -2. What is the highest common factor of 1 and n?
1
Let y be 0 - 1*(0 + -4). Suppose y*j - 72 = 2*j. Calculate the highest common divisor of j and 9.
9
Suppose 21 = -4*t + 9. Let b = 16 + t. What is the highest common divisor of 104 and b?
13
Let b = 3 - -8. Suppose -3*x = -0*x - 4*q - b, -3*q = 3*x - 18. Calculate the greatest common factor of x and 25.
5
Suppose 4*w - 354 = 126. Calculate the greatest common factor of w and 24.
24
Suppose 3*w + 15 = 0, -3*s + 6*w + 55 = w. What is the greatest common factor of 70 and s?
10
Let b be -4 + (0 - 1)*1. Let a = b - -7. Let p(x) = 27*x**2 + x + 2. Let i be p(a). What is the greatest common divisor of 16 and i?
16
Let l be (-20)/(-25)*(-5)/(-2). Suppose 4*w + 2*d = -6 - 4, -w + 15 = -3*d. Suppose 4*g - 12 = -w. Calculate the highest common divisor of l and g.
1
Let n be 2/(-4) + (-13)/(-2). What is the greatest common factor of 6 and n?
6
Let o(j) = 2*j**2 - 6. Let n be o(-3). What is the greatest common factor of 60 and n?
12
Let y(m) be the first derivative of 8*m**3/3 - m**2/2 - m + 7. Let g be y(-1). What is the highest common factor of 24 and g?
8
Let n(x) = -13*x**2 - 29*x - 13. Let t(k) = 7*k**2 + 15*k + 6. Let j(b) = -6*n(b) - 11*t(b). Let l be j(-8). What is the greatest common divisor of 8 and l?
4
Suppose 3*s - 62 = -0*b - 5*b, -s - 6 = -5*b. What is the greatest common divisor of 7 and s?
7
Let c be 36/5 - 2/10. Suppose -2*t + 5*h - 505 = -c*t, 0 = 2*t + 3*h - 199. What is the greatest common factor of t and 13?
13
Let l be (10 - 14)*29/2. Let h = 14 - l. Let g = -8 + 16. Calculate the highest common divisor of h and g.
8
Suppose -3*x + 32 = -x. Suppose 3*d = 2*l - 7*l - 3, -4*d + l - 4 = 0. Let i be 8/1*d/(-2). Calculate the highest common divisor of i and x.
4
Suppose 13 = 2*w + 9. Suppose w*b = -4*a + 24, 0 = 3*b - 4*a + 15 - 41. What is the greatest common factor of b and 1?
1
Let x be (0/((-1)/(-1)))/1. Let z = 5 - x. Calculate the highest common factor of z and 25.
5
Let y be (-18)/14 - 2/(-7). Let t be ((-1)/(-5) + y)*-5. Suppose -144 - 32 = -t*k. What is the highest common divisor of 4 and k?
4
Let s = -618 - -987. What is the greatest common divisor of s and 41?
41
Let l be 10/(-1) + 1/(-1). Let g = 53 + l. Let z = g - 24. Calculate the highest common divisor of 12 and z.
6
Suppose 0*p - 8 = -4*p. Suppose p*d + 36 = 4*d. Suppose 0 = c + 3*c - 288. Calculate the greatest common divisor of c and d.
18
Suppose 0 = -2*x - s + 29, 3*s - 36 = -5*x + 2*x. Let c be (-3273)/(-4) + (-4)/16. Let f be (-1)/3 - c/(-6). What is the greatest common factor of x and f?
17
Suppose -2*l + 6 = 2*t - 4*l, 0 = -t - 2*l + 18. Let k = t - 5. Calculate the highest common divisor of k and 24.
3
Let w = 21 + -41. Let u be w/(-8)*(-26)/(-5). What is the greatest common divisor of u and 91?
13
Let d(u) = 3*u - 23. Let o be d(10). What is the highest common factor of 49 and o?
7
Let g be (-12)/(-54) - 16/(-9). Let q be 9/(-6)*(0 - g). What is the greatest common divisor of q and 33?
3
Let z(m) = -m**3 - 3*m**2 + 5*m + 3. Let h be z(-5). Suppose 5*s = 4*s + h. Let q = -129 - -199. Calculate the highest common factor of q and s.
14
Let t be 2 - 2*(-6)/4. Calculate the greatest common factor of 5 and t.
5
Let g be ((-60)/(-3))/(1/4). Let j be 78/(-9)*-3 + 1. Let t = -17 + j. What is the highest common divisor of g and t?
10
Suppose -f + 5 = -0*f. Suppose -3*z + 2*t + 1 = 0, 3*t - 35 = -f*z - 2*t. Calculate the highest common factor of 6 and z.
3
Let v(k) = k - 3. Let r be v(0). Let h be ((-88)/r)/(1/3). What is the highest common factor of 22 and h?
22
Suppose -6*v + 4*v = -48. Suppose v = -0*u + u. Calculate the highest common factor of u and 8.
8
Let p be ((-3)/2)/(3/(-76)). Suppose p = 3*t - 7. Let r = 70 + -25. What is the greatest common divisor of r and t?
15
Suppose 3*q + 15 = -54. Let v = 63 + q. Calculate the greatest common factor of 10 and v.
10
Suppose 0 = 4*v - 12, -2*v + 15 = -k + 73. Calculate the highest common divisor of k and 8.
8
Suppose 3*v - 35 = -r - 8, -45 = -5*v - 3*r. Suppose 0 = -3*n - 53 - 1. Let g be (-1)/(1/n - 0). What is the highest common factor of g and v?
9
Let f(j) = -j + 16. Let o be f(-8). What is the highest common factor of o and 60?
12
Let h = -14 - -31. Let l = -2 + h. Suppose 0 = -0*u - 2*u + 210. Calculate the greatest common divisor of u and l.
15
Let h = -12 - -20. Suppose -5*r + 207 = 87. What is the greatest common divisor of r and h?
8
Let k = -4 - -8. Let q be 1/k - 95/(-20). Suppose 184 = q*g + 9. Calculate the greatest common divisor of 14 and g.
7
Suppose -54 - 126 = -2*i. What is the greatest common factor of 18 and i?
18
Suppose 0 = 5*y - 8 - 32. Suppose t - 1 - 2 = 0. Let m = 1 + t. Calculate the greatest common divisor of y and m.
4
Let q(o) = -o**2 + 2*o - 3. Let b be q(0). Let i be (3/b)/(2/(-8)). Suppose 0 = -p + 2 - 1. What is the greatest common factor of p and i?
1
Let l = -100 + 148. Calculate the highest common divisor of l and 24.
24
Let j be ((-4)/(-10))/(2/10). Suppose -u + 5*u = 4. What is the highest common divisor of u and j?
1
Suppose 0 = -f + 4*f - 6, -5*f - 6 = -b. Calculate the greatest common divisor of 4 and b.
4
Suppose 0*q - q + 78 = 0. Let t = -52 + q. Let b be ((-4)/(-6))/((-2)/(-39)). Calculate the highest common factor of t and b.
13
Let y = 3 - 3. Suppose 2*c + 1 - 3 = y. Let p be 126/3 - c*2. What is the greatest common divisor of p and 16?
8
Suppose 1 = -2*r + 2*w + 3, -4*r + 25 = 3*w. Let y = 18 + r. Suppose 4*l = 49 + 919. What is the greatest common divisor of l and y?
22
Let u be (0 - -4) + 0/(-2). Calculate the greatest common divisor of u and 40.
4
Suppose -2 = x - 4. Suppose -x*n - 2*n = -4. What is the greatest common factor of 8 and n?
1
Let a(r) = r**2 + 7*r + 7. Let m be a(-6). What is the highest common divisor of 1 and m?
1
Let o = -1 - 1. Let f be 2/2 + 104 + o. Let d = f - 71. Calculate the highest common divisor of d and 16.
16
Suppose -5*z = -2*j - 878, -8*j = -4*j - 4. Calculate the highest common divisor of z and 16.
16
Let l(p) = 5*p**3 + 5*p**2 - 4*p + 3. Let x be l(4). Suppose -3*m + x + 72 = 0. Let d be 3/3*-1 + 18. Calculate the greatest common divisor of m and d.
17
Let i(k) = k**2 - 5*k + 3. Let u be i(5). Let b be (u/6)/(1/12). What is the highest common factor of 6 and b?
6
Let w(n) = 3*n**3 - 1 + 2*n**2 + 0 - 83*n**3. Let m be w(-1). Let x = -46 + m. What is the greatest common factor of 14 and x?
7
Let y be ((-90)/(-42))/((-3)/(-21)). What is the greatest common factor of 3 and y?
3
Suppose -9 + 3 = g. Let w be (-3)/g*0 + 2. Suppose 1 = -o, 0*o = 4*i - w*o - 98. What is the highest common factor of i and 60?
12
Let g = -4 + 7. Suppose 4*o + 3*f = 43, f + 16 = 2*o - g*f. Let j = 41 + -37. What is the highest common factor of j and o?
2
Let t(y) = -y**3 - 2*y**2 - y - 1. Let 